+ 192 = 2*r, 22*r + 495 = 27*r - 5*d. Calculate the remainder when r is divided by 12.
6
Let w = -31 + 35. Suppose w*z - 9 = 19. Suppose 2*a - 2 = 4. Calculate the remainder when z is divided by a.
1
Suppose -4*d + 3 = -5. Suppose -d = c - 3*c. Let u = 3 - c. What is the remainder when 6 is divided by u?
0
Suppose 0 = -4*b - 0*b - 3*r, -3*b = -5*r - 29. Suppose -5*a - k + 63 = 0, -b*a + 5*k - 16 = -5*a. Calculate the remainder when 25 is divided by a.
12
Suppose c - 3*v = -8, -3*c + 3*v + 16 = 2*v. Calculate the remainder when 40 is divided by c.
5
Calculate the remainder when 31 + (-6)/6 - (1 + 0) is divided by 19.
10
Suppose 254 = 5*q + 94. Let z = 58 - q. What is the remainder when z is divided by 9?
8
Suppose 0 = -6*h + 9 + 3. Suppose 22 = h*b - 20. What is the remainder when (-564)/(-9) + 4/(-6) is divided by b?
20
Let p be (7 + -6)/((-2)/(-8)). Suppose -5*k - 2*o = -4*k - p, -52 = -4*k + 4*o. What is the remainder when (-1848)/(-49) + (-2)/(-7) is divided by k?
8
Suppose -4*c - 1 = -f, 10*f - 12*f + 2*c = -26. Calculate the remainder when f is divided by 11 - (9/3 - 1).
8
Let v(b) = b**2 + 10*b - 10. Calculate the remainder when v(7) is divided by 18 - 19 - (0 + -29).
25
Let t = 424 - 368. Calculate the remainder when 167 is divided by t.
55
Let o = -30 + -22. Let m = -26 - o. What is the remainder when m is divided by 6?
2
Suppose 3*o = -4*z + 4, 6*z - 3*z = -o - 2. Suppose -5*x + 4 = -2*g, 3*g - o*x + 2 = -4. What is the remainder when 19 is divided by 9 - 4/(8/g)?
9
Let n = 183 - 102. Let i = 85 - n. Calculate the remainder when 37 is divided by i.
1
Let g be (-3846)/14 - 30/105. Let i = g + 422. Suppose -r = n + 2*n - i, -r = 4*n - 197. Calculate the remainder when n is divided by 17.
16
Let v = -5 + 14. Let r(m) = -5*m - 7. Let b be r(5). Let k = -7 - b. What is the remainder when k is divided by v?
7
Let v(r) be the first derivative of -3/2*r**2 - 7*r + 4. Calculate the remainder when v(-5) is divided by 5.
3
Let x(i) = 23*i + 8. Calculate the remainder when 29 is divided by x(0).
5
Suppose -3*t + 5*w - 8 + 32 = 0, -5*t + 68 = w. Suppose -2 = -o + 34. What is the remainder when o is divided by t?
10
Calculate the remainder when 58 is divided by (324/(-48))/(15/(-80)).
22
Let u(r) = -24*r + 14. Let z be u(5). Let p = -60 - z. Calculate the remainder when p is divided by 28.
18
Suppose -85*c + 83*c + 44 = 0. Suppose 3*v - 260 = -v. Calculate the remainder when v is divided by c.
21
Let w(q) = q**3 + 17*q**2 - q - 20. Let x be w(-17). Calculate the remainder when (x/(-2))/((9/3)/180) is divided by 31.
28
Suppose -5*d + 186 = 2*f, 31*d - f = 28*d + 105. Calculate the remainder when 115 is divided by d.
7
Suppose -4*t = 29 - 45, 2*c + t - 222 = 0. Calculate the remainder when c is divided by 55.
54
Suppose 22*c = 26*c + 5*u - 130, 0 = -3*c - 6*u + 102. Suppose -q = -s + 119, 2 = 3*q - 5*q. Calculate the remainder when s is divided by c.
28
Suppose 2*t = 2*m - 14, 4*t + 4 = -5*m + 3*m. Suppose -m*d = -d - 165. Calculate the remainder when 108 is divided by d.
53
Suppose -9*x - 8*x + 969 = 0. What is the remainder when x is divided by 15?
12
Let z = -102 + 109. Calculate the remainder when 71 is divided by z.
1
Suppose 0 = -t - 5*r + 13, 3*t - 1 = 4*r. Suppose -t*d + 253 = 2*d + 3*z, d - z - 57 = 0. Calculate the remainder when d is divided by 28.
25
Suppose 53*h - 1491 = -643. Let r(t) = 3*t**3 - t**2 - 5*t + 2. What is the remainder when r(3) is divided by h?
11
Suppose -2*s + 4*s = 16. Let g be 3/(-4) - (-299)/4. Suppose 0 = -2*v - 4*y + g, -3*y - 50 + 183 = 4*v. Calculate the remainder when v is divided by s.
7
Let n be (4/(-10))/((-6)/15). Suppose -4*d = -295 - n. What is the remainder when d is divided by 20?
14
Suppose -2*m - 64 = -10*m. Let i = -2 + 7. Calculate the remainder when m is divided by i.
3
Let q(x) = -x**3 + 6*x**2 + 2*x - 5. Suppose 87*n = 1243 - 460. What is the remainder when q(4) is divided by n?
8
Let m(d) = -d**3 + 5*d**2 - 3*d. Let j be m(4). Suppose -18 + 2 = -j*p. What is the remainder when 108/30*30/p is divided by 10?
7
Let w(m) be the third derivative of m**6/120 - m**5/60 + m**3/2 + 9*m**2. Let u(x) = x - 1. What is the remainder when u(6) is divided by w(0)?
2
Suppose -52*t + 2369 + 4443 = 0. Calculate the remainder when t is divided by 48.
35
Let h = 22 - 30. Let n(w) = -11*w + 2. Let i be n(h). Let v = -59 + i. What is the remainder when v is divided by 11?
9
Suppose -10*n - 22 = -102. Let l = 53 - 24. Calculate the remainder when l is divided by n.
5
Let w(y) = -2*y + 26. Let g be (2 - 1/(-2))/(2/(-8)). Let d(z) = 2*z**2 + 4*z - 4. Calculate the remainder when w(g) is divided by d(-4).
10
Let r(b) = -16*b + 152. What is the remainder when 111 is divided by r(7)?
31
Let q be (3 - 8)*(14/5 - -2). Let a = q + 31. Calculate the remainder when 25 is divided by a.
4
What is the remainder when ((-196)/(-70))/(-3*(-1)/150) is divided by 13?
10
Suppose f = 4*o + 17, -o + 3*o = -3*f - 5. Let t be (18/(-45))/(f/385). What is the remainder when t/(-6) + (-8)/12 is divided by 13?
12
Suppose -25 = -0*y - y. Let k = 38 - y. Calculate the remainder when ((-10)/(-4))/(-9 + (-889)/(-98)) is divided by k.
9
Let p(n) = -n**2 - n + 4. Let g be p(0). Suppose g*o - 32 = -0*o. Suppose -2*r + 0*r = -4*b - 54, -102 = -5*r - b. What is the remainder when r is divided by o?
5
Suppose n = 2 + 3. Suppose -5*r + 5 = n*v, 6*v - 2*v + 3*r = 8. Calculate the remainder when 18 is divided by v.
3
Let p(o) = -o**3 - 6*o**2 - o + 1. Let w be p(-4). Calculate the remainder when 326/6 - 18/w is divided by 16.
7
Let l(x) = 23*x + 37. Let j be l(5). Let f = -96 + j. Suppose -t + 7 + 8 = 0. Calculate the remainder when f is divided by t.
11
Let g = -190 - -195. Calculate the remainder when g is divided by 1.
0
Let m = 794 + -745. Calculate the remainder when m is divided by 17.
15
Suppose 0 = -0*v + 3*v - 93. Calculate the remainder when v is divided by (-4)/5 + 1*1176/70.
15
Let k = -2397 - -2541. Calculate the remainder when 2159 is divided by k.
143
Suppose -12*o + 8*o + 8 = 0. Suppose 18 = 2*m + o. Calculate the remainder when 55 is divided by m.
7
Calculate the remainder when 131 is divided by (10/3)/(15/54).
11
Let x = -865 - -932. Calculate the remainder when x is divided by 35.
32
Let o(g) be the third derivative of -g**4/3 + 13*g**3/6 - 4*g**2. Let z be o(15). What is the remainder when -4 + (-2)/(2/z) is divided by 35?
33
Suppose 5*v = 8*v - 582. What is the remainder when v is divided by 33?
29
Suppose -506 + 128 = -3*u. Calculate the remainder when -2 + (-2 - 2) + 42 is divided by u/10 + 4/10.
10
Let a = -383 - -537. Suppose -44 = 5*y + 5*k - a, 3*y + 4*k = 67. Suppose 19 = -4*q + 63. What is the remainder when y is divided by q?
10
Let q(i) = -4*i**2 - 47*i - 6. Calculate the remainder when q(-9) is divided by 19.
17
Let w(p) = p**3 + 18*p**2 + 22*p - 23. Let l be w(-15). Suppose 0*v = -2*v - 2*s + 318, 2*v - l = -4*s. Calculate the remainder when v is divided by 16.
13
Suppose -3*y + 7271 = -5359. Calculate the remainder when (-3)/12 - (y/8)/(-5) is divided by 18.
15
Let p be 6/9*6*2 - -1. Suppose -4*b - 4 = 0, -3*w + 0*b + 19 = -b. Calculate the remainder when ((-30)/p + -2)/((-1)/3) is divided by w.
4
Calculate the remainder when 377 is divided by 36*(-5)/(-10) - -2.
17
Let l = 11 + -9. Suppose -k + 81 = l*k. Calculate the remainder when 51 is divided by k.
24
Suppose 3*t = -4*j + 6, 5*j - 2*j + 5*t = 10. Suppose -5*v + b + 108 = j, v - b + 1 = 21. Calculate the remainder when v is divided by 6.
4
Suppose -2*w + 3*b = -3, 4*w + 0*b - 3 = 5*b. Calculate the remainder when 101 is divided by 13/(2 - 4 - w).
10
Let j(k) = 54*k**2 - 6*k + 6*k + 2 - 2*k. Suppose -m + 16 - 2 = 0. Calculate the remainder when j(1) is divided by m.
12
Let c(f) = f + 36. What is the remainder when (177/(-9))/((-1)/3) is divided by c(-5)?
28
Let l = -310 + 440. Calculate the remainder when l is divided by 33.
31
Let c be (-1 + -1)/(2 - 3). Suppose -3*q = -2*r + c, 5*r - q - 5 = -3*q. Let x(h) = 4*h**3 + 2*h**2 - 1. What is the remainder when 14 is divided by x(r)?
4
Calculate the remainder when (-14)/(-21)*954/4 is divided by 52.
3
Suppose -h - 4*x = -0*h - 13, 2*x - 24 = -4*h. Suppose -3*v = p - 93, -h*p = -2*v - 0*v + 62. What is the remainder when 